
Let a(m) = 123*m + 5818. Determine a(-41).
775
Let n(i) = 410*i**2 - 6502*i - 861. Give n(16).
67
Let f(u) = 3*u**2 + 60*u - 103. Give f(2).
29
Let x(p) = -1668747*p - 10012483. Determine x(-6).
-1
Let y(c) = -35*c**2 + 208*c + 118. Calculate y(8).
-458
Let k(u) = 106*u**2 + 881*u + 358. Determine k(-8).
94
Let f(v) = -2*v**3 + 369*v**2 - 142*v - 7818. Calculate f(184).
-90
Let g(t) = t**3 - 42*t**2 + 11*t - 314. What is g(42)?
148
Let z(t) = -t**3 - 24*t**2 - 89*t - 1043. Determine z(-23).
475
Let q(d) = -3*d**3 - 562*d**2 - 199*d - 2296. What is q(-187)?
-52
Let b(f) = f**3 - 9*f**2 - 272*f + 107. Give b(21).
-313
Let m(a) = a**3 + 35*a**2 + 84*a - 117. What is m(-31)?
1123
Let o(k) = 4*k**2 - 9965*k - 170563. What is o(-17)?
-2
Let g(d) = d**3 + 15*d**2 + 108*d - 2293. What is g(8)?
43
Let l(z) = -962*z + 214521. Give l(223).
-5
Let l(u) = -5280*u + 448693. Calculate l(85).
-107
Let h(r) = r**3 + 99*r**2 + 654*r - 30. Determine h(-7).
-100
Let r(p) = -2533*p + 15761. What is r(6)?
563
Let v(y) = 2*y**3 + 28*y**2 + 52*y + 143. Calculate v(-13).
-195
Let v(u) = -u**3 - 29*u**2 + 159*u + 728. Calculate v(-3).
17
Let w(p) = 610768*p + 9161522. What is w(-15)?
2
Let y(h) = h**2 + 174*h + 7314. Give y(-72).
-30
Let c(w) = -1325*w - 63333. What is c(-49)?
1592
Let m(s) = -3396*s + 19213. Calculate m(6).
-1163
Let h(r) = -r**3 + 32*r**2 + 3176*r - 101655. Calculate h(32).
-23
Let d(s) = s**2 - 29*s - 28829. Give d(-156).
31
Let k(w) = -813*w - 181295. Calculate k(-223).
4
Let i(m) = -3452*m - 1774350. What is i(-514)?
-22
Let z(w) = 1910*w - 15281. Calculate z(8).
-1
Let k(g) = -g**3 + 16*g**2 + 905*g + 6683. Give k(-11).
-5
Let j(m) = 4707*m + 1077891. Determine j(-229).
-12
Let y(k) = 4*k**2 + 47*k + 931. Give y(0).
931
Let u(j) = 4962*j + 133967. Calculate u(-27).
-7
Let f(k) = -k**3 + 10*k**2 + 8*k - 3. What is f(11)?
-36
Let z(w) = w**3 - 621*w**2 + 3691*w - 14. What is z(6)?
-8
Let n(t) = -110*t**2 + 3863*t - 508. What is n(35)?
-53
Let q(i) = -30*i**2 - 413*i - 253. Calculate q(-9).
1034
Let m(r) = -6*r**3 + 64*r**2 + 37*r - 178. Determine m(10).
592
Let c(g) = -279*g**2 + 2670*g + 1196. Determine c(10).
-4
Let c(d) = -2659*d - 7532. Determine c(-3).
445
Let f(d) = 2*d**3 - 31*d**2 + 9258*d - 138650. Give f(15).
-5
Let n(k) = -80650*k + 16. What is n(0)?
16
Let j(t) = -9945*t - 99384. Give j(-10).
66
Let y(r) = 2*r**3 + 36*r**2 - 472*r - 10168. Determine y(-20).
-2328
Let o(z) = 2191*z + 527941. What is o(-241)?
-90
Let b(a) = -1627*a + 69775. Determine b(43).
-186
Let t(k) = -k**2 - 27*k + 3991. Give t(51).
13
Let m(u) = -14*u**3 - 2*u**2 - 39*u + 40. Determine m(1).
-15
Let j(h) = -h**2 + 38984*h + 1. Determine j(0).
1
Let w(v) = 103*v - 14205. Calculate w(153).
1554
Let v(k) = k**2 - 53*k + 1656. What is v(35)?
1026
Let p(z) = z**3 + 17*z**2 + 127124*z + 2033731. What is p(-16)?
3
Let n(s) = -s**3 + 30*s**2 - 13*s + 1189. Give n(31).
-175
Let d(q) = 3461493*q - 20768960. Give d(6).
-2
Let w(m) = -m**3 + 30*m**2 + 606*m + 468. Give w(44).
28
Let u(j) = 61693*j - 2899576. Determine u(47).
-5
Let b(a) = 21*a**2 + 429*a + 12. What is b(-20)?
-168
Let v(p) = p**3 - 134*p**2 + 391*p + 349. Give v(131).
87
Let x(f) = 2*f**3 + 41*f**2 - 1713*f - 125. What is x(21)?
505
Let y(v) = -4*v**2 + 99*v - 481. Calculate y(18).
5
Let v(g) = -16*g**3 - 22*g**2 - 27*g + 18. Determine v(-2).
112
Let i(s) = -s**3 - s**2 + 110*s - 637. Calculate i(6).
-229
Let y(c) = 1848*c + 107168. What is y(-58)?
-16
Let h(r) = -2*r**2 + 138*r + 40056. Calculate h(180).
96
Let c(m) = -46*m**3 - 1793*m**2 + 11*m - 1083. Calculate c(-39).
9
Let r(o) = o**3 - 21*o**2 + 1337*o - 48206. What is r(30)?
4
Let t(d) = 83*d**3 - 12*d**2 + 7*d + 19. Determine t(2).
649
Let i(f) = -f**3 - 126*f**2 - 478*f + 1437. Give i(-122).
217
Let k(v) = -899*v - 759657. What is k(-845)?
-2
Let n(x) = -23663*x - 1064837. Give n(-45).
-2
Let s(c) = 5169*c**2 + 940735*c - 4182. What is s(-182)?
4
Let i(p) = 637*p - 8958. Determine i(14).
-40
Let j(u) = -22*u**3 - 10*u**2 - 5. Calculate j(3).
-689
Let t(g) = 2486*g + 17327. Give t(-7).
-75
Let f(w) = w**3 + 139*w**2 + 465*w + 26026. Determine f(-137).
-141
Let u(t) = t**3 + 86*t**2 - 263*t - 168. Give u(-89).
-524
Let o(z) = -10407524*z + 10407513. Give o(1).
-11
Let i(u) = u**3 + 3*u**2 - 303*u - 1304. What is i(-4)?
-108
Let u(a) = -7452*a - 7447. Calculate u(-1).
5
Let y(n) = -7126*n + 3028532. Determine y(425).
-18
Let l(o) = 5*o**3 - 114*o**2 - 10502*o + 2947. Calculate l(-36).
-5
Let i(l) = l**3 - 272*l**2 - 58791*l - 427. What is i(-142)?
-1
Let h(a) = 510*a - 12225. Determine h(23).
-495
Let p(l) = l**3 - 8*l**2 - 44*l + 303. Give p(6).
-33
Let c(x) = -382371*x - 1147095. Give c(-3).
18
Let z(j) = 3*j**3 - 2006*j**2 - 664*j - 3385. Calculate z(669).
-40
Let k(j) = -26*j**2 + 235*j + 4945. What is k(-10)?
-5
Let g(n) = -3*n**2 + 83253*n + 1082764. Determine g(-13).
-32
Let f(i) = i**3 - 2*i**2 + 1858*i + 7526. Give f(-4).
-2
Let k(i) = i**3 - 25*i**2 + 13*i + 5. Determine k(1).
-6
Let k(j) = -408*j + 27354. Give k(67).
18
Let y(n) = 229028*n + 229020. What is y(-1)?
-8
Let p(b) = -b**2 - 5192*b + 2117330. Determine p(380).
-30
Let y(k) = -3*k**2 + 264*k + 3841. What is y(98)?
901
Let c(l) = -21979*l - 109713. Give c(-5).
182
Let d(w) = -6*w**2 - 2146*w - 5658. What is d(-355)?
22
Let w(z) = -212487*z - 2124796. Determine w(-10).
74
Let b(z) = z**3 - 38*z**2 + 313*z + 125. Calculate b(28).
1049
Let v(z) = 19854*z + 39707. Determine v(-2).
-1
Let g(n) = 1851*n - 7549. Determine g(4).
-145
Let k(l) = -33*l + 317. What is k(-11)?
680
Let k(x) = -10*x**2 - 176*x + 1419. Calculate k(6).
3
Let w(b) = -897*b - 10842. Give w(-12).
-78
Let g(i) = 2*i**3 - 72*i**2 + 431*i - 9796. What is g(34)?
234
Let g(y) = -y**3 + 68*y**2 - 80*y + 5558. Calculate g(68).
118
Let b(d) = -2*d**3 + 251*d**2 - 458*d - 81. What is b(2)?
-9
Let z(i) = 14*i**2 - 148*i - 66. Give z(9).
-264
Let k(o) = -2970*o - 171168. Give k(-58).
1092
Let v(s) = 2*s**3 - 176*s**2 - 184*s - 831. Calculate v(89).
-1365
Let a(p) = -22975*p - 137869. Give a(-6).
-19
Let x(o) = 28*o**3 - 246*o**2 - 23*o - 280. Calculate x(9).
-1
Let j(w) = -w**2 + 15345*w - 153348. Give j(10).
2
Let p(x) = 33*x - 1620. What is p(43)?
-201
Let g(n) = 184*n - 18510. Give g(101).
74
Let y(x) = -5*x**2 + 5560*x + 5561. Give y(-1).
-4
Let x(r) = -2*r**3 - 290*r**2 - 2327*r - 18503. Calculate x(-137).
-8
Let z(a) = -a**3 - 2*a**2 - 23*a - 2679. Calculate z(-14).
-5
Let c(g) = -7*g**3 + 172*g**2 + 4*g - 1978. What is c(24)?
422
Let z(c) = c**3 + 3*c**2 + 306441*c + 612882. What is z(-2)?
4
Let l(p) = p**3 - 176*p**2 - 1469*p - 472. What is l(184)?
80
Let s(w) = 2*w**3 - 189*w**2 - 2676*w + 312. Calculate s(107).
205
Let z(b) = 4*b**2 + 881*b + 7894. Calculate z(-9).
289
Let o(v) = -4*v**2 + 1690*v - 18262. Calculate o(11).
-156
Let c(r) = r**3 + 62036*r**2 - 1427356*r - 31. Calculate c(23).
-8
Let h(x) = 4392*x + 13591. Calculate h(-3).
415
Let l(t) = 8*t**3 + 66*t**2 - 9*t - 35. Give l(-11).
-2598
Let y(w) = w**2 + 2554*w - 72297. Determine y(28).
-1
Let g(y) = y**3 + 3*y**2 + 40412*y - 2. Determine g(0).
-2
Let a(k) = -278*k + 11474. Determine a(41).
76
Let i(f) = -7*f + 2942. Determine i(410).
72
Let y(p) = -540*p**2 + 2163*p - 2164. Give y(1).
-541
Let n(y) = 636*y + 3767. Calculate n(-6).
-49
Let h(z) = 145*z + 19622. Determine h(-154).
-2708
Let c(p) = -3*p**3 + 19*p**2 - 167*p + 8. Give c(6).
-958
Let u(y) = 168*y + 15767. Calculate u(-94).
-25
Let x(j) = -3976*j + 4103. Calculate x(1).
127
Let d(b) = -5264*b + 31634. What is d(6)?
50
Let z(n) = -58*n**2 - 1797*n + 38. Determine z(-31).
7
Let g(r) = -765*r + 16875. Give g(22).
45
Let s(u) = -14*u**2 + 1505*u - 380. Give s(107).
369
Let u(y) = -y**3 - 2*y**2 + 58*y - 665. What is u(15)?
-3620
Let r(w) = -2*w**2 + 189*w - 1544. Give r(9).
-5
Let v(j) = 13099*j + 2331628. Calculate v(-178).
6
Let h(m) = 42*m**2 + 354*m - 4137. Determine h(-15).
3
Let b(n) = n**3 - 604*n**2 + 13370*n - 149. Calculate b(23).
12
Let k(s) = -s**3 + 23*s**2 - 76*s + 663. Determine k(21).
-51
Let p(h) = 13*h**3 + 2*h**2 + 187*h + 376. Calculate p(-2).
-94
Let p(r) = -r**3 + 664*r**2 - 2823*r + 120775. Calculate p(660).
-5
Let d(q) = -147*q - 6030. Calculate d(-41).
-3
Let d(s) = -s**3